6*q**2 - 4*q + 3. Give w(g).
-2
Let d = -2 + 2. Suppose m + m - 6 = d. Let o(r) = 7*r**3 - 6*r**2 - 3*r - 5. Let w(g) = 10*g**3 - 9*g**2 - 4*g - 7. Let s(f) = 7*o(f) - 5*w(f). Determine s(m).
-3
Let t(x) = -x**2 - x - 1. Let b = 21 + -23. What is t(b)?
-3
Let h(d) = 4*d - 1. Let u = -13 - -11. Calculate h(u).
-9
Let j(a) = a - 3. Let i(c) = 2. Let z(b) = -5*i(b) - 6*j(b). Determine z(6).
-28
Let u(y) = y. Let s(x) = -3*x + 7. Suppose 2*j - j = -5*b - 5, -4*j = 2*b + 2. Let z(r) = b*s(r) - 2*u(r). Give z(0).
-7
Let n(r) = -3 - 3*r - r**3 + 5*r**2 + 7*r + 2*r. What is n(6)?
-3
Let p(k) be the second derivative of k**3/2 + 5*k**2 - 5*k. Give p(-7).
-11
Let i(x) be the second derivative of x**3/6 + 4*x**2 - 10*x. What is i(-7)?
1
Let u(b) = -4*b + 4. Let o(z) = 3*z. Let m be o(1). Let n be u(m). Let i(x) = -2*x - 10. Give i(n).
6
Let v(l) = -6 + l**2 + 0*l - 3*l - 5 - 6*l. Determine v(10).
-1
Suppose 0 = -3*r - 0 + 3. Let i(a) = -a**2 - a + 1. Give i(r).
-1
Let j be 5*-3*(-8)/30. Let v be (4/6)/((-16)/72). Let a(i) = 6*i - 4. Let l(q) = 7*q - 4. Let u(t) = v*l(t) + 4*a(t). Determine u(j).
8
Let o(j) = -j**2 - 5*j - 2. Let s(k) = 3*k**2 - 4 - 40*k + 40*k + k**3. Let a be s(-3). Give o(a).
2
Let o(i) be the third derivative of 3*i**2 + 1/6*i**3 + 0*i + 5/24*i**4 + 0. Determine o(-1).
-4
Let f(v) be the second derivative of -v**5/20 + v**4/4 + v**3/6 + v**2 - 3*v. Determine f(3).
5
Let j(h) be the second derivative of -h**5/20 + h**4/6 + 2*h**3/3 + h**2 - h. Let b(k) = k**2 + 8*k - 35. Let m be b(-11). Determine j(m).
10
Let t(q) = 4*q**2 + 4*q - 2. Let h(l) = -5*l**2 - 3*l + 3. Let g(a) = -2*h(a) - 3*t(a). Suppose 2*f = n, -5*f + 3*f = 5*n + 24. Give g(n).
-8
Let t be 0 - (-4 - 2*-1). Let y be 0 - (1 + 1 + -2). Suppose -b + 0*b + t = y. Let k(m) = m - 2. Give k(b).
0
Let s(a) = a**3 + 5*a**2 - 7*a + 2. Let o be s(-6). Let b(f) = -f + 11. What is b(o)?
3
Let b(m) = m + 3. Let o be b(-7). Let d(a) = -a - 7. Give d(o).
-3
Let t(q) be the second derivative of 0*q**2 + 1/4*q**4 - 4*q - 1/2*q**3 + 0. Let v(n) = -n**3 + n + 2. Let y be v(0). Give t(y).
6
Let h = 6 - 11. Let f(o) = -4*o + 1. Let i(k) be the first derivative of k**2/2 - 1. Let l(w) = -4*f(w) - 18*i(w). Calculate l(h).
6
Let r = -2 + 3. Let p(b) = 10 - 4*b - 19 + 7 + 1. Determine p(r).
-5
Let q(g) = 5*g**3 - 4*g**2 - g + 2. Let n(m) = -6*m**3 + 4*m**2 - 2. Let u(y) = -4*n(y) - 5*q(y). Calculate u(5).
-2
Let k(j) be the second derivative of j**4/12 + 5*j**3/6 + 2*j**2 - 4*j. Let z(d) be the first derivative of d**2/2 + d - 2. Let y be z(-5). Calculate k(y).
0
Let d(m) = 3*m**3 + 17*m**2 + 14*m - 5. Let b(p) = -5*p**3 - 26*p**2 - 21*p + 7. Let k(y) = 5*b(y) + 8*d(y). Give k(7).
-5
Let v(j) be the third derivative of -j**5/60 - j**4/3 - j**3/3 + 3*j**2. Calculate v(-6).
10
Let r(m) = -7*m**2 - m + 2. Let x be r(1). Let d(o) = -o - 3. Calculate d(x).
3
Let s(z) = z**3 + 6*z**2 - 7*z - 10. Let k be -5 - (-9)/(27/(-6)). Determine s(k).
-10
Let k(d) = d - 9. Let f be k(11). Let o(m) = f*m - 4 + m**2 - 2*m**2 + 4*m + 3. What is o(5)?
4
Let x(w) be the first derivative of 8*w - 1/3*w**3 - 3*w**2 - 1. Let k(g) = -g**2 - 5*g + 7. Let p(z) = -7*k(z) + 6*x(z). What is p(-1)?
1
Let t(j) be the second derivative of -j**4/12 - j**3/3 - 2*j**2 - 4*j. Let v be 2/(-5) + (-26)/10. Determine t(v).
-7
Let s(n) = 10*n + 10 - 18 - 8*n. Let l be -4*(-3 - -2) + 2. Calculate s(l).
4
Let b be (-2)/4*(0 + -4). Let i be ((-2)/(-5))/(b/20). Let m(y) be the first derivative of y**3/3 - 5*y**2/2 + 2*y + 1. Calculate m(i).
-2
Let w(o) = -o**2 - 4*o - 4. Let z be w(-3). Let u(i) = -2*i**3 + 3*i**3 + i**3. What is u(z)?
-2
Suppose 5*s - 2*s - 15 = 0. Suppose -s*c = -0*c - 20. Let z(b) = -1 + 7*b**2 - 2*b**3 + c*b**3 - 7*b**2. Give z(1).
1
Let r(a) = 4 + 0 + 2*a - 2*a**2 - 3 - 3. Suppose 4 = j + j. Give r(j).
-6
Let q(r) = 2*r**3 - 2*r**2 + r. Let d(c) be the third derivative of c**4/24 + 2*c**3 + 2*c**2. Let y be d(-10). Calculate q(y).
10
Suppose 7 = c + 4*u, -c - 3*u + 3 = 2*c. Suppose 6*q = 2*q. Let y(m) = m + m - m**3 + q*m - m + m**2. Give y(c).
1
Let r(n) = -3*n + 3. Let g = -15 - -10. Let p(w) = -2*w - 7. Let z be p(g). What is r(z)?
-6
Let m = 19 - 20. Let c(h) = 3*h**2 + h. Determine c(m).
2
Let m(s) = 2*s + 13. Let p be m(-7). Let k(q) = 3*q**3 + 3*q**2 + 5*q - 5. Let f(z) = z**3 + z**2 + 2*z - 2. Let l(h) = 5*f(h) - 2*k(h). What is l(p)?
0
Let j(f) = -f + 6. Suppose -c + 3 = 9. What is j(c)?
12
Let d = 126 - 133. Let f(a) = -a - 12. Give f(d).
-5
Let n(t) = -t - 1. Let c(a) = 7*a + 6. Let x(w) = c(w) + 5*n(w). Give x(1).
3
Let l(o) = 3*o**3 + o**2 + 7*o. Let t(w) = w**3 - w**2 + w - 1. Let h(q) = l(q) - 4*t(q). What is h(5)?
19
Let v(t) = -t - 4. Let b be v(-2). Let u = b - 2. Let p = u + 6. Let s(q) = 4*q + 2. Calculate s(p).
10
Let w(q) = 1 - 5*q + 4*q**2 - 5 + 0*q**3 + q**3. Suppose 10 = 4*o - 2*v, 5*o - 17 = 3*v - 5. Let s = o + -8. Calculate w(s).
-4
Let w(k) be the second derivative of -5*k**3/6 - 3*k. What is w(2)?
-10
Let i(d) = d**2 - 6*d + 4. Let f be i(6). Suppose t - 6*t + 10 = 0. Let p(y) = 26*y**t - 25*y**2 - y - 4 + f. What is p(0)?
0
Let w(t) be the first derivative of t**2/2 - 4*t - 1. Let n(s) = -s - 6. Let z be n(-12). Calculate w(z).
2
Let m(r) = -5 + 4 + 2 + r + 0. Determine m(6).
7
Suppose a - 8 + 5 = 0. Suppose 3*o - 13 = -r, r + 2*o - a = 6*r. Let j(c) = -4*c**3 + 2*c**2 + 5. Let w(b) = 1. Let t(i) = -j(i) + 6*w(i). Calculate t(r).
3
Suppose -100 = 3*u + 2*u. Let x be (-48)/u*10/4. Suppose -3*a + x = -0*a. Let l(s) = s**3 - 4*s**2 + 4*s - 2. Give l(a).
-2
Let r(q) = 2*q + 4 + 5 - 6. Determine r(-2).
-1
Let c(r) = -247*r + 249*r - 6 + 11. Suppose 3*q - q + 12 = 0. What is c(q)?
-7
Let c(p) be the first derivative of p**3/3 - 3*p**2 - 3*p + 4. Let v be c(6). Let w be (-3)/1 + (v - -5). Let y(x) = -7*x - 1. What is y(w)?
6
Suppose -8*k + 20 = -3*k. Suppose 5*b = 4*v + 20, -2*b - k*v + 20 = 3*b. Let c(l) = -l**2 + 5*l - 4. Determine c(b).
0
Let l(u) = -3*u**2 + 3*u + 4. Let o(n) = -7*n**2 + 5*n + 7. Let p(y) = 5*l(y) - 2*o(y). Give p(5).
6
Let g(o) = -2*o + 4. Let w be g(4). Let v(d) = d + 3. Let c(i) = 4. Let t(f) = -3. Let k(r) = 4*c(r) + 5*t(r). Let y(h) = w*k(h) - v(h). Calculate y(5).
-12
Let h(d) be the first derivative of d**4/4 - 5*d**3/3 + 3*d**2/2 - 4*d + 4. What is h(4)?
-8
Let v = 4 + -3. Let q(l) be the third derivative of -l**6/60 + l**5/60 - l**3/6 + 20*l**2. What is q(v)?
-2
Let h(a) = 2*a**3 - 5*a**2 - 4*a - 5. Let x(t) = 1 - t**3 - 3 + 3. Let s(w) = h(w) + 3*x(w). Determine s(-4).
-2
Let i = 1 + 4. Suppose i*t - 4*u = -26, 2*t - 3*u = -t - 18. Let o(z) = -z**3 - z**2. Determine o(t).
4
Let z(h) = -h**2 - 15*h + 9. Let n be z(-15). Let r(w) = w - 1. Determine r(n).
8
Let r(z) = 3*z - 1. Let q = 2 + -15. Let x = -11 - q. Give r(x).
5
Let m = 23 + -23. Let i(k) = k - 4. What is i(m)?
-4
Suppose -2*n = 2*r - 8, 0*n + 4 = -3*n + 5*r. Suppose 0*x + 6 = n*x. Let m be -2 + (2 - (x + -1)). Let i(o) = -2*o**2 - 2*o - 2. Calculate i(m).
-6
Let t(h) = 4*h**3 + 0*h**2 - 3 + 2*h**3 + 6*h**2 - 5*h**3 - h. Let r be t(-6). Let q(u) = -5 + 2*u - r*u - 1. Calculate q(5).
-11
Let o(x) be the second derivative of -x**4/24 - x**2 + x. Let r(q) be the first derivative of o(q). Suppose -2 = -5*i + g + 4, -2*g = 5*i - 18. Calculate r(i).
-2
Let b(f) = -f**3 + 4*f**2 - 7*f + 8. Let t be b(3). Let x(k) = k**3 + 4*k**2 + 5. Determine x(t).
5
Let i = -61 - -66. Let c(n) = -n**3 + 5*n**2 + n - 1. Determine c(i).
4
Suppose 0 = a + a + 12. Let o(p) = p**3 + 6*p**2 - 3*p - 2. Give o(a).
16
Suppose 15 = -5*x + 2*o, -4*o - 18 + 3 = -x. Let p be 0 + 2/1 + 0. Let f(i) = -p + i + i + 6. Give f(x).
-6
Let r(g) be the first derivative of 3*g**2/2 + 15. What is r(-2)?
-6
Let n(x) = x**2 - 9*x + 7. Let q be n(8). Let p(b) = -5*b**3 - b**2 - 2*b - 1. Calculate p(q).
5
Let p be -3 - 1 - (-19 + 7). Let v(c) = c**2 - 6*c - 7. Determine v(p).
9
Let y(x) = -8*x - 2*x + 3*x + 2 + 3*x. Let v be 1 + (-1)/((-2)/2). Determine y(v).
-6
Let u(b) = 0 - 6*b**2 + b**3 - 5 - 2*b**3 - 6*b. Let n be u(-5). Let h(d) be the first derivative of -d**3/3 + d + 1. Determine h(n).
1
Let v(c) be the first derivative of 4*c**3/3 + 13. Determine v(1).
4
Let l(k) be the third derivative of k**6/120 + k**5/15 - k**4/24 + 7*k**3/6 + 2*k**2. Calcul